{"id":6961,"date":"2024-04-15T20:07:17","date_gmt":"2024-04-15T18:07:17","guid":{"rendered":"http:\/\/filologiya.gdu.edu.az\/?page_id=6961"},"modified":"2025-05-13T17:46:22","modified_gmt":"2025-05-13T15:46:22","slug":"t%c9%99l%c9%99b%c9%99-g%c9%99ncl%c9%99r-t%c9%99skilati","status":"publish","type":"page","link":"https:\/\/filologiya.gdu.edu.az\/?page_id=6961","title":{"rendered":"T\u0259l\u0259b\u0259 G\u0259ncl\u0259r T\u0259\u015fkilat\u0131"},"content":{"rendered":"\n<p><em><strong>T\u0259l\u0259b\u0259 G\u0259ncl\u0259r T\u0259\u015fkilat\u0131n\u0131n S\u0259dri<\/strong><\/em><\/p>\n\n\n<div class=\"wp-block-image\">\n<figure class=\"aligncenter size-large is-resized\"><img loading=\"lazy\" decoding=\"async\" width=\"1482\" height=\"1915\" src=\"https:\/\/filologiya.gdu.edu.az\/wp-content\/uploads\/2024\/04\/20240404_160159-1.jpg\" alt=\"\" class=\"wp-image-7002\" style=\"aspect-ratio:0.7734627831715211;width:20px;height:auto\" srcset=\"https:\/\/filologiya.gdu.edu.az\/wp-content\/uploads\/2024\/04\/20240404_160159-1.jpg 1482w, https:\/\/filologiya.gdu.edu.az\/wp-content\/uploads\/2024\/04\/20240404_160159-1-768x992.jpg 768w, https:\/\/filologiya.gdu.edu.az\/wp-content\/uploads\/2024\/04\/20240404_160159-1-1189x1536.jpg 1189w\" sizes=\"auto, (max-width: 1482px) 100vw, 1482px\" \/><\/figure><\/div>\n\n\n<p>Ad, soyad, ata ad\u0131 :<strong> \u00d6m\u0259r \u0130smay\u0131lov T\u0259hm\u0259z o\u011flu  <\/strong><\/p>\n\n\n\n<p>Do\u011fuldu\u011fu yer v\u0259 tarix : G\u0259nc\u0259 \u015f\u0259h\u0259ri 15.08.2005<\/p>\n\n\n\n<p>Qeydiyyatda oldu\u011fu yer : K\u0259lb\u0259c\u0259r rayonu<\/p>\n\n\n\n<p>Ya\u015fad\u0131\u011f\u0131 yer :&nbsp;&nbsp; G\u0259nc\u0259 \u015f\u0259h\u0259ri<\/p>\n\n\n\n<p>Bitirdiyi m\u0259kt\u0259b: G\u0259nc\u0259 \u015f\u0259h\u0259ri  tam<\/p>\n\n\n\n<p>orta m\u0259kt\u0259bi (2012:2023)<\/p>\n\n\n\n<p>Q\u0259bul olundu\u011fu ali m\u0259kt\u0259b v\u0259 ixtisas : G\u0259nc\u0259\nD\u00f6vl\u0259t Universiteti&nbsp; Filologiya fak\u00fclt\u0259si\nAz\u0259rbaycan dili v\u0259 \u0259d\u0259biyyat\u0131 m\u00fc\u0259llimliyi <\/p>\n\n\n\n<p>Ali t\u0259hsil m\u00fc\u0259ssis\u0259sin\u0259 q\u0259bul olma tarixi :\u00a0 2023-c\u00fc il.<\/p>\n\n\n\n<p>Cari v\u0259ziyy\u0259t:<\/p>\n\n\n\n<p>\u0130xtisas v\u0259 kurs : Az\u0259rbaycan dili v\u0259 \u0259d\u0259biyyat\u0131 m\u00fc\u0259llimliyi, II kurs<\/p>\n\n\n\n<p>Da\u015f\u0131d\u0131\u011f\u0131 v\u0259zif\u0259: Filologiya fak\u00fclt\u0259si TGT s\u0259dri (T\u0259l\u0259b\u0259 G\u0259ncl\u0259r t\u0259\u015fkilat\u0131)<\/p>\n\n\n\n<p>Da\u015f\u0131d\u0131\u011f\u0131 v\u0259zif\u0259y\u0259 t\u0259yin edilm\u0259 tarixi : 02.12. 2023 &#8211; c\u00fc il<\/p>\n","protected":false},"excerpt":{"rendered":"<p>T\u0259l\u0259b\u0259 G\u0259ncl\u0259r T\u0259\u015fkilat\u0131n\u0131n S\u0259dri Ad, soyad, ata ad\u0131 : \u00d6m\u0259r \u0130smay\u0131lov T\u0259hm\u0259z o\u011flu Do\u011fuldu\u011fu yer v\u0259 tarix : G\u0259nc\u0259 \u015f\u0259h\u0259ri 15.08.2005 Qeydiyyatda oldu\u011fu yer : K\u0259lb\u0259c\u0259r rayonu Ya\u015fad\u0131\u011f\u0131 yer :&nbsp;&nbsp; G\u0259nc\u0259 \u015f\u0259h\u0259ri Bitirdiyi m\u0259kt\u0259b: G\u0259nc\u0259 \u015f\u0259h\u0259ri tam orta m\u0259kt\u0259bi (2012:2023) Q\u0259bul olundu\u011fu ali m\u0259kt\u0259b v\u0259 ixtisas : G\u0259nc\u0259 D\u00f6vl\u0259t Universiteti&nbsp; Filologiya fak\u00fclt\u0259si Az\u0259rbaycan dili v\u0259<\/p>\n<p><a href=\"https:\/\/filologiya.gdu.edu.az\/?page_id=6961\" class=\"more-link themebutton\">Daha \u0259trafl\u0131<\/a><\/p>\n","protected":false},"author":1,"featured_media":0,"parent":0,"menu_order":0,"comment_status":"closed","ping_status":"closed","template":"","meta":{"footnotes":""},"class_list":["post-6961","page","type-page","status-publish","hentry"],"_links":{"self":[{"href":"https:\/\/filologiya.gdu.edu.az\/index.php?rest_route=\/wp\/v2\/pages\/6961","targetHints":{"allow":["GET"]}}],"collection":[{"href":"https:\/\/filologiya.gdu.edu.az\/index.php?rest_route=\/wp\/v2\/pages"}],"about":[{"href":"https:\/\/filologiya.gdu.edu.az\/index.php?rest_route=\/wp\/v2\/types\/page"}],"author":[{"embeddable":true,"href":"https:\/\/filologiya.gdu.edu.az\/index.php?rest_route=\/wp\/v2\/users\/1"}],"replies":[{"embeddable":true,"href":"https:\/\/filologiya.gdu.edu.az\/index.php?rest_route=%2Fwp%2Fv2%2Fcomments&post=6961"}],"version-history":[{"count":5,"href":"https:\/\/filologiya.gdu.edu.az\/index.php?rest_route=\/wp\/v2\/pages\/6961\/revisions"}],"predecessor-version":[{"id":9212,"href":"https:\/\/filologiya.gdu.edu.az\/index.php?rest_route=\/wp\/v2\/pages\/6961\/revisions\/9212"}],"wp:attachment":[{"href":"https:\/\/filologiya.gdu.edu.az\/index.php?rest_route=%2Fwp%2Fv2%2Fmedia&parent=6961"}],"curies":[{"name":"wp","href":"https:\/\/api.w.org\/{rel}","templated":true}]}}